 = -q**3 - 3*q**2 + 4*q. Let a be p(-4). Suppose a*g + g = -4*x + 14, -x = g - 17. What are the prime factors of g?
2, 3
Suppose -5*a - 10 = 4*g, 0*g - g + 2*a = 9. Let j = g + 8. List the prime factors of j.
3
Let u = 141 + -64. List the prime factors of u.
7, 11
Let u be ((-6)/4)/((-15)/20). Suppose 0 = -i - 2*k - 4, -i - 3*k = -u*i + 21. List the prime factors of i.
2, 3
Let h(c) be the second derivative of c**5/5 + c**3/6 - c**2 + 4*c. Let a be h(2). Let v = a + -15. List the prime factors of v.
17
Let g(q) = -2*q**3 + 3*q**3 + q + 3*q**2 + 4*q**3 - 4*q**2. Let t be g(1). Suppose -11 = -t*f + 9. What are the prime factors of f?
2
Suppose f + f = 0. Suppose f = 5*x + 26 - 86. List the prime factors of x.
2, 3
Let g(k) = 2*k**2 + 2*k + 4. What are the prime factors of g(-3)?
2
Let y(j) = 5*j**2 + 29*j - 7. What are the prime factors of y(-8)?
3
Let z be (0/(-1))/(-3 - -1). Suppose 5*w - 9 = 2*c, 4*w = 3*c - z + 10. What are the prime factors of 3 - w - 0 - -7?
3
Let j = -68 + 204. What are the prime factors of j?
2, 17
Suppose -6 = -3*x + x. Suppose 2*f - 20 = -x*f. What are the prime factors of f?
2
Suppose 2*y = 13 - 1. Suppose y + 4 = x + p, -x + p + 8 = 0. Let k(h) = -h**2 + 8*h + 12. What are the prime factors of k(x)?
3
Let f = -102 + 149. List the prime factors of f.
47
Suppose -108 = -4*x + 5*z, 5*z + 31 - 99 = -4*x. What are the prime factors of (x/6)/((-6)/(-54))?
3, 11
Let v(x) = -x**3 - x + 0*x**2 + 4 + 4*x**2 - 8*x**2 + 0*x**3. What are the prime factors of v(-5)?
2, 17
Let q be 3 + 2 + 2 + -3. Suppose -2*o = -q*a + 3*o + 88, -4*o = 0. What are the prime factors of a?
2, 11
Let l be 2/4*2 - 1. Suppose -4*j + 64 = -l*j. List the prime factors of j.
2
Suppose 2*k = 2*z - 37 - 9, 2*z = 5*k + 43. List the prime factors of z.
2, 3
List the prime factors of 27*(-1 + -4)/(-15).
3
Suppose 0 = -6*b + 3*b + 21. Let q = 10 + b. List the prime factors of q.
17
Let w(q) = -q**3 + 3*q**2 + q + 3. Let j be w(4). Let f = j + 18. What are the prime factors of f?
3
Suppose 2*s + s - 15 = -g, s - 9 = -g. Suppose -2*w = -g - 0. Suppose -24 = -3*z - w. List the prime factors of z.
7
Let h be 246/9 - 2/(-3). Suppose -6*k + 4*k = -h. What are the prime factors of k?
2, 7
Let r(q) = -q**2 + 7*q - 6. Let o be r(5). Let j = 26 - 23. Suppose -j*g - 2*d - 2*d = -13, o*g + d = 13. What are the prime factors of g?
3
Suppose 2*r = -o, 4*r - 4*o + 13 = -11. What are the prime factors of ((-2)/8)/(r/104)?
13
Suppose -5*f = -20, 3*t - 5*f = 223 + 27. What are the prime factors of t?
2, 3, 5
List the prime factors of ((-7)/(140/(-144)))/((-1)/(-40)).
2, 3
Let n(r) be the third derivative of -r**5/60 + r**4/12 - r**2. Let h be n(2). Suppose h = -2*g - g + 15. List the prime factors of g.
5
Let m(g) = -g**2 - 6*g + 5. Let j be m(-6). Suppose -x + j + 2 = 0. List the prime factors of x.
7
Let r(j) = -j + 10. Let t be r(8). Suppose -4*n - 15 = -3*p, -3*n + 10 = -2*n + t*p. Suppose -u + z = -16, n = 3*z - 4*z - 2. List the prime factors of u.
2, 7
What are the prime factors of -5 + (4 - -2) + 105?
2, 53
Let z be 2 + -2 - (-1 + 2). What are the prime factors of 2 - (2 + z) - -12?
13
Let i = 44 - -17. What are the prime factors of i?
61
Suppose -5*i = w - 7, -2*w - 2*i + 35 = 3*w. Suppose 3*c = w + 23. List the prime factors of c.
2, 5
Let k be 3/9*-1*3. Let l be 2 + (0 - 1) + k. Suppose 0 = 4*f + 2*c - 4, -3*c + 2 = 4*f - l. What are the prime factors of f?
2
Suppose 2*m - a - 77 = -0*m, -m = 5*a - 22. What are the prime factors of m?
37
Let v = 1 + -4. Let b = 3 - v. What are the prime factors of (b/4)/(4/8)?
3
Let i be (0 + -1 - -1)/(-3). Suppose i*c = 3*c - 99. What are the prime factors of c?
3, 11
Let h be 3/(-2)*(-12)/9. Suppose r + r = -h. List the prime factors of (0 - r)*3/1.
3
Let o = -15 - -45. List the prime factors of o.
2, 3, 5
Let s = 5 - 13. List the prime factors of (7/(-4))/(1/s).
2, 7
Let g(v) = -v**3 - 8*v**2 - v + 9. Suppose -3*l - l - 40 = -2*u, l + 20 = 3*u. List the prime factors of g(l).
17
Let y(n) = -121*n + 61*n + 3 + 57*n. Let u = 6 + -9. List the prime factors of y(u).
2, 3
Suppose 0 = 32*h - 35*h + 432. List the prime factors of h.
2, 3
Let l(z) = -2*z + 2. Suppose -5*r + 12 = -8*r. List the prime factors of l(r).
2, 5
Suppose -74 - 46 = -3*f. What are the prime factors of f?
2, 5
Let b(d) = 5*d - 10. What are the prime factors of b(6)?
2, 5
Let m(o) = -5*o + 72. Let h = -7 - 2. Let w(x) = x - 18. Let f(a) = h*w(a) - 2*m(a). What are the prime factors of f(0)?
2, 3
Let c be -9*(-1 + -1)/6. Let l be (-1*6)/c - -5. Suppose l*j - 27 = -9. List the prime factors of j.
2, 3
What are the prime factors of ((12/10)/3)/((-7)/(-945))?
2, 3
Suppose 8*v - 3*v - 70 = 0. Suppose -95 = -3*i - v. List the prime factors of i.
3
Let a = 24 - 17. Suppose 5*q + 0*q = 40. Let v = a + q. List the prime factors of v.
3, 5
What are the prime factors of (4 - (37 + -1))/((-3)/12)?
2
Suppose c + 2*a - 2 = 6*a, -5*a + 85 = 5*c. Suppose l - 3 = c. List the prime factors of l.
17
Let k(a) = 2*a**3 + 5*a**2 + a**2 - 3*a**3 - 5*a + 3. What are the prime factors of k(4)?
3, 5
Let b = 53 - 22. List the prime factors of b.
31
Let z be (2 - 4)*(-3 + 1). What are the prime factors of (-1 - -2)/(z/32)?
2
Suppose -3*y + 19 = -11. Let d be (-9)/(-4) - (-3)/(-12). Suppose -x - j + y = 0, 1 = 3*j - d. What are the prime factors of x?
3
Suppose 3*f - s = 24 + 57, 3*f = 5*s + 69. List the prime factors of f.
2, 7
Let l be -1*-2*1*2. Let g(d) be the third derivative of d**4/24 + d**3/2 - 7*d**2. List the prime factors of g(l).
7
Let j = -22 + 101. List the prime factors of j.
79
Let b(i) = -i**3 - 9*i**2 + 16*i + 15. List the prime factors of b(-11).
3
Suppose 3*w - 5 = 3*k + 4*w, k + 15 = -3*w. Suppose -3*g + 20 + 22 = k. What are the prime factors of g?
2, 7
Suppose 15*m - 11*m = 324. What are the prime factors of m?
3
Let i = 9 + -14. Let k(o) = -o**3 - 4*o**2 + 3*o + 2. What are the prime factors of k(i)?
2, 3
Let i(f) = -f. Let l = 0 + -1. Let p be i(l). List the prime factors of 3*(-2)/(-3) + p.
3
Suppose 2 + 2 = r. Suppose 2*q = 5*g - 68, r*g - 3*q = -q + 56. Let a = g - 5. What are the prime factors of a?
7
Let k be (-482)/(-8) - (-2)/(-8). Suppose -2*n + k = 3*n. Let j = n + 0. List the prime factors of j.
2, 3
Let f = -89 - -41. What are the prime factors of f/(-7) - 1/(-7)?
7
Let q(u) = 3 - 1 + 3*u + 0*u + 0*u. Let v(w) = -2*w - 9. Let n be v(-6). List the prime factors of q(n).
11
Let s = -4 + 9. Let o = s + -3. Suppose m - 18 = 2*k, 2*k - 4 = o*m + 6*k. What are the prime factors of m?
2
Let n be (-54)/(-10) + 10/(-25). Suppose 5*l + 38 = 2*k, n*k - 124 = -2*l - 0*l. List the prime factors of k.
2, 3
List the prime factors of ((-187)/51)/(2/(-102)).
11, 17
Let c(i) = -1187*i - 1. Let r be c(1). What are the prime factors of (-2)/((-9)/(r/(-8)))?
3, 11
Suppose d - 42 = -2*d. List the prime factors of d.
2, 7
Let v = 24 - 1. What are the prime factors of v?
23
Let l(w) = -w**2 + 7*w - 6. List the prime factors of l(5).
2
Let c(v) = -11*v + 33. What are the prime factors of c(-6)?
3, 11
Let m(g) be the first derivative of -g**3/3 - g**2/2 - g + 1. Let r(a) be the first derivative of m(a). List the prime factors of r(-2).
3
Let w(n) = -n + 34. List the prime factors of w(0).
2, 17
What are the prime factors of (-12)/(-8)*292/6?
73
Let g(r) = r. Let d be g(4). Suppose -k = 5*w - 13 - 17, 2*k - d*w + 10 = 0. List the prime factors of k.
5
Suppose g = -0*v - 5*v + 12, -4*g = -8. Let q(l) = 0*l**2 + 2*l - l + l**v. List the prime factors of q(3).
2, 3
Suppose -3*s - 141 = -3*d, 2*s - 6*s = -4. Suppose 0 = -y - 2*y + d. Let q = -5 + y. List the prime factors of q.
11
Let u(c) = 1 + 4*c**2 + 0*c - 3*c + c**2. What are the prime factors of u(2)?
3, 5
Let v = 5 + 140. What are the prime factors of v?
5, 29
Suppose 5*u + 150 = -4*f - 0*u, -30 = f + 5*u. List the prime factors of 14/(-4)*f/14.
2, 5
Suppose -4*t + 130 = 3*d, -5*d + 4*t + t + 275 = 0. List the prime factors of d.
2, 5
Let n(c) = 3*c. Let p be n(-9). What are the prime factors of 18/p*(-1 - 20)?
2, 7
List the prime factors of 112 + (2 - 3)*0.
2, 7
List the prime factors of (959*4/(-28)*-2)/1.
2, 137
Suppose o + 2*m = 123, 3*o - 364 = -2*m - 3*m. List the prime factors of o.
113
Let q = -5 + 9. Suppose 3*i = 6*o - o